ctors of 5207.
41, 127
List the prime factors of 46871.
11, 4261
List the prime factors of 2187.
3
List the prime factors of 1545.
3, 5, 103
List the prime factors of 156184.
2, 7, 2789
List the prime factors of 1959.
3, 653
List the prime factors of 2129.
2129
List the prime factors of 34208.
2, 1069
List the prime factors of 13785.
3, 5, 919
What are the prime factors of 117646?
2, 59, 997
What are the prime factors of 7199?
23, 313
What are the prime factors of 2586?
2, 3, 431
What are the prime factors of 16183?
16183
List the prime factors of 23345.
5, 7, 23, 29
What are the prime factors of 84970?
2, 5, 29, 293
What are the prime factors of 662?
2, 331
List the prime factors of 4594.
2, 2297
What are the prime factors of 37695?
3, 5, 7, 359
List the prime factors of 42900.
2, 3, 5, 11, 13
List the prime factors of 7256.
2, 907
What are the prime factors of 5846?
2, 37, 79
What are the prime factors of 821?
821
What are the prime factors of 6697?
37, 181
List the prime factors of 59886.
2, 3, 1109
List the prime factors of 18304.
2, 11, 13
List the prime factors of 58703.
47, 1249
List the prime factors of 40920.
2, 3, 5, 11, 31
What are the prime factors of 123442?
2, 11, 31, 181
List the prime factors of 19373.
19373
List the prime factors of 94922.
2, 31, 1531
What are the prime factors of 1173?
3, 17, 23
List the prime factors of 10064.
2, 17, 37
List the prime factors of 28.
2, 7
What are the prime factors of 652?
2, 163
What are the prime factors of 2826?
2, 3, 157
List the prime factors of 21995.
5, 53, 83
What are the prime factors of 124808?
2, 15601
What are the prime factors of 27485?
5, 23, 239
What are the prime factors of 1574?
2, 787
What are the prime factors of 17137?
17137
List the prime factors of 393.
3, 131
What are the prime factors of 6505?
5, 1301
What are the prime factors of 1271?
31, 41
List the prime factors of 5354.
2, 2677
What are the prime factors of 17604?
2, 3, 163
List the prime factors of 161845.
5, 32369
List the prime factors of 142.
2, 71
List the prime factors of 11759.
11, 1069
What are the prime factors of 1925?
5, 7, 11
List the prime factors of 1426.
2, 23, 31
List the prime factors of 497.
7, 71
List the prime factors of 31069.
31069
List the prime factors of 193.
193
List the prime factors of 14767.
14767
What are the prime factors of 42690?
2, 3, 5, 1423
List the prime factors of 6848.
2, 107
List the prime factors of 136.
2, 17
What are the prime factors of 2528?
2, 79
What are the prime factors of 926?
2, 463
List the prime factors of 4240.
2, 5, 53
What are the prime factors of 304?
2, 19
List the prime factors of 5693.
5693
What are the prime factors of 21438?
2, 3, 397
What are the prime factors of 3261?
3, 1087
List the prime factors of 1894.
2, 947
What are the prime factors of 163340?
2, 5, 8167
List the prime factors of 17408.
2, 17
What are the prime factors of 550?
2, 5, 11
List the prime factors of 982.
2, 491
List the prime factors of 8242.
2, 13, 317
What are the prime factors of 7202?
2, 13, 277
What are the prime factors of 26725?
5, 1069
List the prime factors of 664.
2, 83
List the prime factors of 16237.
13, 1249
What are the prime factors of 3444?
2, 3, 7, 41
List the prime factors of 826.
2, 7, 59
List the prime factors of 161383.
71, 2273
List the prime factors of 851.
23, 37
What are the prime factors of 1694?
2, 7, 11
List the prime factors of 641.
641
List the prime factors of 591.
3, 197
List the prime factors of 939.
3, 313
List the prime factors of 891.
3, 11
List the prime factors of 21.
3, 7
List the prime factors of 37967.
37967
What are the prime factors of 37235?
5, 11, 677
What are the prime factors of 13874?
2, 7, 991
List the prime factors of 6776.
2, 7, 11
What are the prime factors of 5406?
2, 3, 17, 53
List the prime factors of 60.
2, 3, 5
List the prime factors of 31675.
5, 7, 181
List the prime factors of 1228.
2, 307
List the prime factors of 9069.
3, 3023
List the prime factors of 859.
859
What are the prime factors of 2101?
11, 191
List the prime factors of 2603.
19, 137
What are the prime factors of 5111?
19, 269
What are the prime factors of 348?
2, 3, 29
List the prime factors of 1024.
2
List the prime factors of 875.
5, 7
What are the prime factors of 33684?
2, 3, 7, 401
What are the prime factors of 824?
2, 103
List the prime factors of 4195.
5, 839
List the prime factors of 2655.
3, 5, 59
What are the prime factors of 5557?
5557
List the prime factors of 17497.
17497
What are the prime factors of 70622?
2, 35311
List the prime factors of 60132.
2, 3, 5011
What are the prime factors of 56149?
56149
What are the prime factors of 3854?
2, 41, 47
List the prime factors of 1093.
1093
What are the prime factors of 14792?
2, 43
List the prime factors of 17439.
3, 5813
What are the prime factors of 62?
2, 31
List the prime factors of 70883.
73, 971
List the prime factors of 3239.
41, 79
What are the prime factors of 20018?
2, 10009
What are the prime factors of 34604?
2, 41, 211
List the prime factors of 2890.
2, 5, 17
List the prime factors of 2006.
2, 17, 59
List the prime factors of 1171.
1171
List the prime factors of 4104.
2, 3, 19
List the prime factors of 4184.
2, 523
List the prime factors of 3646.
2, 1823
What are the prime factors of 20603?
11, 1873
List the prime factors of 17843.
7, 2549
List the prime factors of 523.
523
What are the prime factors of 889?
7, 127
List the prime factors of 23706.
2, 3, 439
List the prime factors of 15260.
2, 5, 7, 109
What are the prime factors of 128676?
2, 3, 10723
List the prime factors of 32693.
32693
List the prime factors of 9869.
71, 139
List the prime factors of 2131.
2131
List the prime factors of 41370.
2, 3, 5, 7, 197
What are the prime factors of 5227?
5227
List the prime factors of 991.
991
List the prime factors of 42765.
3, 5, 2851
List the prime factors of 2850.
2, 3, 5, 19
List the prime factors of 1460.
2, 5, 73
What are the prime factors of 1053?
3, 13
List the prime factors of 1626.
2, 3, 271
What are the prime factors of 2038?
2, 1019
List the prime factors of 23119.
61, 379
List the prime factors of 690.
2, 3, 5, 23
List the prime factors of 1737.
3, 193
List the prime factors of 4530.
2, 3, 5, 151
List the prime factors of 437.
19, 23
List the prime factors of 51985.
5, 37, 281
What are the prime factors of 890?
2, 5, 89
What are the prime factors of 7788?
2, 3, 11, 59
What are the prime factors of 7234?
2, 3617
What are the prime factors of 1144?
2, 11, 13
List the prime factors of 26382.
2, 3, 4397
List the prime factors of 86100.
2, 3, 5, 7, 41
List the prime factors of 4061.
31, 131
What are the prime factors of 991?
991
List the prime factors of 4413.
3, 1471
List the prime factors of 48406.
2, 24203
List the prime factors of 52872.
2, 3, 2203
What are the prime factors of 14947?
14947
What are the prime factors of 55703?
53, 1051
List the prime factors of 38177.
38177
List the prime factors of 2338.
2, 7, 167
List the prime factors of 812.
2, 7, 29
List the prime factors of 43262.
2, 97, 223
What are the prime factors of 61151?
61151
What are the prime factors of 2537?
43, 59
What are the prime factors of 40781?
13, 3137
List the prime factors of 7137.
3, 13, 61
What are the prime factors of 5219?
17, 307
List the prime factors of 6243.
3, 2081
What are the prime factors of 911?
911
What are the prime factors of 22245?
3, 5, 1483
List the prime factors of 29336.
2, 19, 193
What are the prime factors of 148073?
148073
List the prime factors of 76360.
2, 5, 23, 83
What are the prime factors of 44509?
47, 947
List the prime factors of 8857.
17, 521
List the prime factors of 16940.
2, 5, 7, 11
List the prime factors of 1791.
3, 199
List the prime factors of 20872.
2, 2609
List the prime factors of 12943.
7, 43
List the prime factors of 142077.
3, 13, 3643
List the prime factors of 1508.
2, 13, 29
List the prime factors of 59897.
89, 673
What are the prime factors of 9424?
2, 19, 31
List the prime factors of 12566.
2, 61, 103
List the prime factors of 102.
2, 3, 17
List the prime factors of 341.
11, 31
What are the prime factors of 809?
809
List the prime factors of 2470.
2, 5, 13, 19
What are the prime factors of 7254?
2, 3, 13, 31
What are the prime factors of 4152?
2, 3, 173
